.
-12
Let h(s) = -11*s**3 - 2*s**2 + 1. What is h(1)?
-12
Let c(h) = h**2 - 36*h + 62. What is c(34)?
-6
Let f(w) = -w**3 - 12*w**2 + 26*w + 185. Calculate f(-13).
16
Let m(j) = -j**3 - 3*j**2 + 29. Calculate m(0).
29
Let r(j) = j**3 - 4*j**2 - 9*j - 2. Determine r(-3).
-38
Let y(c) = -c**3 + 2*c**2 - 11*c + 9. Calculate y(1).
-1
Let r(t) = -12*t - 1. Determine r(-3).
35
Let n(v) = -36*v - 253. Determine n(-7).
-1
Let r(c) = c**3 - 23*c**2 - 76*c - 28. Calculate r(26).
24
Let w(u) = -7*u + 78. Determine w(7).
29
Let s(k) = k**3 - 12*k**2 + 24*k - 40. Determine s(10).
0
Let s(w) = 18*w + 2. What is s(-3)?
-52
Let g(a) = 18*a - 184. Calculate g(10).
-4
Let g(k) = 13*k**2 - 59*k - 27. Calculate g(5).
3
Let q(g) = -2*g**3 + 13*g**2 - 4*g - 21. What is q(6)?
-9
Let p(a) = -3*a + 41. Determine p(14).
-1
Let c(o) = -11*o - 35. Give c(-4).
9
Let h(j) = 7*j + 81. Calculate h(-10).
11
Let n(s) = -2*s - 7. Calculate n(-5).
3
Let u(o) = o**2 + 6*o - 25. Determine u(-11).
30
Let l(o) = o**2 - 10*o + 11. What is l(10)?
11
Let l(z) = z**3 - z**2 - 5*z - 9. Give l(3).
-6
Let m(p) = 5*p + 8. Calculate m(-4).
-12
Let f(k) = 13*k + 191. Calculate f(-14).
9
Let c(s) = 5*s - 3. Determine c(5).
22
Let d(t) = t**2 + 20*t - 59. Calculate d(3).
10
Let z(f) = 17*f + 13. What is z(2)?
47
Let c(y) = -2*y**2 - 8*y - 4. Determine c(-6).
-28
Let f(g) = g**3 - 9*g**2 + 18*g + 13. Calculate f(5).
3
Let v(n) = 7*n + 1. Give v(-11).
-76
Let u(j) = -j**3 - 6*j**2 - 5*j + 5. What is u(-5)?
5
Let g(i) = -i**3 - 3*i - 60. What is g(0)?
-60
Let q(z) = 2*z**2 - 15. Calculate q(-4).
17
Let i(n) = 23*n - 310. Give i(13).
-11
Let m(p) = p**3 - 8*p**2 + 7*p. Calculate m(6).
-30
Let y(c) = c**3 - 4*c**2 - 19*c + 33. Give y(6).
-9
Let m(a) = -5*a - 6. What is m(-6)?
24
Let j(g) = 4*g + 56. What is j(-13)?
4
Let a(q) = q**3 - 6*q**2 - 8*q + 1. What is a(7)?
-6
Let k(u) = -u**2 - 38*u + 160. Give k(4).
-8
Let b(v) = 19*v - 35. What is b(4)?
41
Let m(i) = -i**3 + 6*i**2 - 6*i + 14. Determine m(5).
9
Let f(o) = -o**3 + 9*o**2 - 11*o - 12. Determine f(7).
9
Let j(w) = -23*w**3 - w**2 - w. Calculate j(-1).
23
Let v(s) = -7*s - 17. Calculate v(-10).
53
Let y(j) = j**2 - j - 33. Give y(-4).
-13
Let b(t) = -2*t**3 - 3*t**2 + 3*t + 3. Calculate b(3).
-69
Let m(g) = g**3 + 7*g**2 + g - 11. What is m(-5)?
34
Let x(d) = -9*d + 177. Give x(20).
-3
Let g(w) = -14*w - 12. What is g(-6)?
72
Let y(i) = 3*i + 27. Determine y(-10).
-3
Let y(a) = -41*a + 205. Determine y(5).
0
Let b(q) = q**3 - q**2 - 7*q + 5. Determine b(3).
2
Let m(x) = x**3 - 3*x**2 + x - 15. Determine m(4).
5
Let t(d) = -d**3 + 13*d**2 + 10*d + 30. Determine t(14).
-26
Let m(x) = x**3 + 11*x**2 - 12*x - 11. Give m(-12).
-11
Let n(y) = -y**2 + 12*y - 10. What is n(10)?
10
Let u(k) = -14*k**2 + 3*k + 5. Give u(-2).
-57
Let p(a) = -a. What is p(1)?
-1
Let h(m) = 2*m - 31. What is h(11)?
-9
Let h(w) = 12*w - 15. Calculate h(4).
33
Let r(d) = -d**3 - 6*d**2 + 2*d - 9. Calculate r(-7).
26
Let o(s) = -2*s**2 - s + 3. Calculate o(0).
3
Let i(s) = 3*s**2 - 14*s - 59. What is i(7)?
-10
Let i(l) = -l**2 - l + 2. Determine i(4).
-18
Let k(g) = g**3 + 10*g**2 + 17*g + 19. Calculate k(-8).
11
Let v(x) = -3*x + 7. Determine v(6).
-11
Let t(i) = i**3 + 8*i**2 + 7*i + 35. Determine t(-7).
35
Let v(r) = r**3 - 7*r**2 - 13. Give v(0).
-13
Let q(h) = 7*h - 35. Calculate q(5).
0
Let y(t) = t**2 - t - 6. Calculate y(0).
-6
Let c(a) = a**3 + 8*a**2 + 3*a + 15. Calculate c(-8).
-9
Let q(h) = -h**2 - 7*h - 12. What is q(-5)?
-2
Let m(g) = g**3 + g - 1. What is m(0)?
-1
Let n(u) = 2*u - 1. Give n(1).
1
Let w(v) = -v**2 + 25*v - 10. What is w(24)?
14
Let c(i) = 14*i + 1. What is c(3)?
43
Let j(r) = -6*r**2 - 2*r - 1. Calculate j(2).
-29
Let k(m) = m**2 - 7*m - 3. Give k(7).
-3
Let m(c) = -c**3 + 11*c**2 - 4*c + 35. Calculate m(11).
-9
Let j(z) = z**2 + 13*z + 22. What is j(-10)?
-8
Let u(z) = -19*z - 3. Give u(0).
-3
Let k(g) = -g**3 + 7*g**2 + g - 1. Calculate k(7).
6
Let b(q) = q + 15. Determine b(-13).
2
Let j(w) = -2*w - 10. What is j(-4)?
-2
Let f(o) = o**3 - 7*o**2 - 4*o - 2. Determine f(7).
-30
Let n(p) = -29*p**2 + 229*p + 19. Calculate n(8).
-5
Let l(f) = -f**2 + 11*f + 9. Give l(12).
-3
Let l(u) = -16*u + 31. Calculate l(2).
-1
Let x(p) = p**3 - 3*p**2 - 2*p + 1. What is x(5)?
41
Let n(l) = 2*l**2 + 24*l - 94. Calculate n(-15).
-4
Let z(s) = 3*s - 22. Give z(9).
5
Let p(w) = w**3 + 8*w**2 - 4*w - 35. Calculate p(-8).
-3
Let s(n) = -2*n**2 - 12*n + 2. Determine s(-6).
2
Let r(f) = 6*f**2 + 5*f + 4. Calculate r(3).
73
Let x(t) = t**2 + 39*t + 168. Give x(-5).
-2
Let v(a) = a**2 + 3*a - 4. Calculate v(-5).
6
Let x(q) = -q**3 - 45*q**2 + 14*q + 624. Give x(-45).
-6
Let r(k) = k - 6. Determine r(-5).
-11
Let j(f) = -3*f + 105. Give j(32).
9
Let h(c) = c**3 - 7*c**2 + 5*c - 24. Determine h(7).
11
Let i(f) = -f**2 + 8*f - 23. Calculate i(5).
-8
Let a(y) = -17*y - 1. Determine a(1).
-18
Let s(c) = -2*c**2 - 25*c - 22. Determine s(-13).
-35
Let c(g) = -3*g**2 + 3*g + 1. What is c(4)?
-35
Let l(c) = -18*c**2 + 74*c - 3. Determine l(4).
5
Let c(f) = f**3 - 9*f**2 - 10*f - 14. Give c(10).
-14
Let z(n) = 8*n**3 - 3*n**2 - 2*n - 1. Determine z(-1).
-10
Let i(g) = 3*g**2 - 1. Determine i(1).
2
Let p(u) = u**2 - 10*u + 9. Calculate p(6).
-15
Let g(j) = -6*j**3 - 3*j**2 - 4*j - 4. What is g(-2)?
40
Let q(n) = n**2 + n - 5. Give q(-4).
7
Let q(u) = -u**3 + 13*u**2 + 22*u + 3. Determine q(15).
-117
Let w(d) = -d**2 - 5*d - 10. Determine w(-4).
-6
Let f(c) = -c**2 - 2*c + 8. Calculate f(5).
-27
Let w(l) = -l + 3. What is w(-4)?
7
Let z(a) = a**2 + 5*a + 8. What is z(-8)?
32
Let m(w) = w**2 + 16*w + 12. What is m(-15)?
-3
Let l(b) = -b**2 - 6*b + 2. What is l(4)?
-38
Let y(v) = -13*v + 24. What is y(0)?
24
Let h(d) = -39*d**3 + d. Determine h(-1).
38
Let s(v) = 2*v**3 + 3*v**2 + v - 7. What is s(3)?
77
Let x(j) = -3*j**2 - 70*j - 38. What is x(-23)?
-15
Let z(c) = -21*c + 156. Calculate z(7).
9
Let k(t) = -t**3 - 20*t**2 + 19*t - 4. Calculate k(-21).
38
Let x(z) = -9*z - 12. Give x(6).
-66
Let l(z) = -z**3 - 7*z**2 - 9*z - 11. Calculate l(-6).
7
Let r(w) = -w - 2. Give r(4).
-6
Let h(n) = -n**3 + 8*n**2 + n - 7. Give h(8).
1
Let i(b) = b**3 - 10*b**2 + 10*b + 12. Calculate i(9).
21
Let l(r) = 12*r + 447. Calculate l(-37).
3
Let q(l) = l**2 + 8*l + 8. What is q(-5)?
-7
Let p(n) = n**2 - 4*n - 2. Determine p(4).
-2
Let h(c) = -2*c + 11. Calculate h(9).
-7
Let a(q) = q**2 - 7*q + 10. Determine a(7).
10
Let i(u) = u**3 - 7*u**2 - u + 3. What is i(7)?
-4
Let m(r) = -9*r + 65. What is m(8)?
-7
Let y(b) = -b**3 + 2*b**2 + 6*b + 24. Calculate y(-5).
169
Let f(z) = -49*z + 13. Give f(0).
13
Let m(a) = a + 12. Give m(-9).
3
Let z(w) = w**2 - 3*w + 2. What is z(3)?
2
Let b(s) = 32*s + 59. What is b(-2)?
-5
Let r(k) = 2*k**2 + 75*k - 197. Calculate r(-40).
3
Let i(w) = -w**3 + 13*w**2 - 16*w + 44. Determine i(12).
-4
Let s(f) = 28*f - 10. What is s(3)?
74
Let i(t) = -3*t - 36. Calculate i(-9).
-9
Let y(b) = -b**2 - 10*b - 2. Calculate y(-10).
-2
Let y(f) = f**3 - 16*f**2 + 17*f - 10. Give y(15).
20
Let s(i) = -2*i - 12. Calculate s(3).
-18
Let y(r) = -7*r - 12. What is y(5)?
-47
Let y(r) = 33*r - 68. Determine y(2).
-2
Let o(a) = a**2 - 11*a + 26. Calculate o(6).
-4
Let f(z) = 6*z**3 - 170*z**2 + 55*z + 18. Determine f(28).
-10
Let y(u) = -u**2 + 11*u + 11. What is y(11)?
11
Let r(l) = l**2 + 4*l - 5. Calculate r(-4).
-5
Let i(f) = -2*f**3 - 18*f**2 - 8*f + 10. Give i(-8).
-54
Let u(i) = -i**3 - 7*i**2 + 5*i - 8. Calculate u(-8).
16
Let m(w) = w**2 - 10*w + 6. What is m(8)?
-10
Let c(g) = 16*g - 275. What is c(17)?
-3
Let o(z) = 2*z - 11. Give o(6).
1
Let u(j) = -9*j**2 - 2*j + 1. Calculate u(1).
-10
Let m(n) = 2*n**3 - 5*n**2 - 9*n + 12. Calculate m(3).
-6
Let d(k) = 4*k + 16. What is d(-12)?
-32
Let i(p) = 4*p**2 + 221*p - 168. Determine i(-56).
0
Let k(h) = -h**3 + 17*h**2 - 2*h + 8. Give k(17).
-26
Let r(n) = -n**3 + 9*n**2 - 18*n - 7. Determine r(6).
-7
Let s(o) = -5*o - 6. Calculate s(-4).
14
Let q(r) = r**3 - 12*r**2 + 10*r + 8. Give q(11).
-3
Let z(x) = -2*x**2 - 8*x - 26. What is z(-4)?
-26
Let o(s) = -8*s - 10. Determine o(-2).
6
Let d(k) = -6*k**2 - 16*k + 8. Calculate d(3).
-94
Let y(j) = -23*j + 1. Give y(1).
-22
Let c(i) = -i**3 - 8*i**2 + 104*i - 14. Give c(7).
-21
Let